es 433 divide 24532048?
True
Is 4 a factor of 208790378?
False
Is 29568760 a multiple of 2626?
True
Is 12644252 a multiple of 1255?
False
Is 104943910 a multiple of 1270?
True
Is 6828 a factor of 563916408?
False
Does 26 divide 45503415?
False
Does 30 divide 380270063?
False
Does 161 divide 4989679357?
False
Does 3 divide 6051838?
False
Is 47773608 a multiple of 6?
True
Is 5 a factor of 3547282?
False
Is 64821901 a multiple of 3?
False
Is 21 a factor of 21673554?
True
Is 15884246 a multiple of 19?
False
Is 15641188 a multiple of 4?
True
Is 4 a factor of 85840929?
False
Is 1079457722 a multiple of 71?
False
Is 619099185 a multiple of 64?
False
Does 7 divide 11901890?
True
Is 993 a factor of 23448702?
True
Does 6175 divide 277016675?
True
Does 18 divide 174940800?
False
Is 3239 a factor of 10740167?
False
Is 402 a factor of 108130515?
False
Does 1486 divide 652987157?
False
Is 2750 a factor of 1296069167?
False
Is 253 a factor of 2192991003?
False
Is 594 a factor of 358764075?
False
Is 39 a factor of 69163412?
False
Is 550062 a multiple of 3?
True
Is 17078987 a multiple of 12?
False
Is 8750 a factor of 1142933750?
True
Is 15 a factor of 5353592550?
True
Is 523066872 a multiple of 1605?
False
Does 25 divide 52181948?
False
Is 20 a factor of 28979778?
False
Does 640 divide 36444160?
True
Is 129 a factor of 1403658804?
True
Is 173044878 a multiple of 914?
True
Does 117 divide 328153027?
False
Does 4644 divide 620322300?
True
Does 176 divide 1522533232?
True
Is 168041710 a multiple of 15?
False
Is 19 a factor of 128591010?
False
Does 41 divide 493297732?
True
Is 6 a factor of 11422086?
True
Is 93 a factor of 719812722?
False
Does 239 divide 23324966?
True
Is 254654180 a multiple of 484?
True
Is 172241724 a multiple of 67?
True
Is 11044080 a multiple of 90?
True
Is 479582118 a multiple of 6?
True
Does 1448 divide 14320720?
True
Is 249 a factor of 31234677?
False
Is 27847712 a multiple of 60?
False
Is 11 a factor of 1834415144?
False
Does 358 divide 185809350?
False
Does 25 divide 4646125?
True
Is 229499768 a multiple of 4?
True
Does 3126 divide 256480587?
False
Is 81 a factor of 48518429?
False
Is 3437798644 a multiple of 7?
True
Does 29 divide 4430501?
False
Is 4100775963 a multiple of 107?
True
Does 21 divide 390081179?
False
Is 4477 a factor of 203027473?
True
Is 2220203124 a multiple of 47?
False
Does 1782 divide 8291102505?
False
Is 588166752 a multiple of 106?
False
Does 117 divide 44074668?
False
Does 23 divide 9147146?
True
Is 13 a factor of 71434727?
True
Does 501 divide 31242358?
False
Is 363 a factor of 57658194?
True
Does 42 divide 3089139144?
True
Does 2795 divide 167480379?
False
Is 3 a factor of 62313659?
False
Is 223728750 a multiple of 270?
True
Does 441 divide 1417933369?
False
Is 19 a factor of 519413811?
True
Is 455 a factor of 32581640?
True
Is 672 a factor of 187809420?
False
Is 125 a factor of 2388052625?
True
Does 6494 divide 724957409?
False
Does 10 divide 16901148?
False
Is 53411109 a multiple of 19?
True
Is 12 a factor of 10099912?
False
Is 35622522 a multiple of 6?
True
Is 164751484 a multiple of 5612?
True
Is 146 a factor of 272844362?
True
Is 9879912 a multiple of 21?
True
Is 105 a factor of 5102569?
False
Does 27 divide 401630289?
False
Is 162534408 a multiple of 1347?
True
Is 103890964 a multiple of 41?
False
Does 98 divide 26129480?
False
Is 39 a factor of 1806367979?
False
Is 808853179 a multiple of 5?
False
Is 162951372 a multiple of 83?
False
Is 24 a factor of 7011432?
True
Is 1202 a factor of 175988426?
True
Is 180712800 a multiple of 3420?
True
Does 39 divide 344097936?
True
Is 186 a factor of 32923841?
False
Is 2289 a factor of 1071317715?
False
Does 31 divide 18328223?
True
Does 391 divide 24128863?
False
Does 146 divide 161670040?
False
Is 700222086 a multiple of 50?
False
Does 2849 divide 1805575?
False
Does 1289 divide 2115624?
False
Does 52 divide 2013996764?
True
Is 751322810 a multiple of 35?
True
Is 13 a factor of 68819745?
False
Does 283 divide 2857730321?
True
Does 2095 divide 46493683?
False
Is 55608932 a multiple of 46?
False
Does 121 divide 126362357?
True
Is 76 a factor of 189729217?
False
Does 377 divide 4052089119?
True
Is 976 a factor of 3155962192?
False
Is 235 a factor of 317969100?
True
Is 12 a factor of 484302588?
True
Is 249 a factor of 183566535?
True
Is 87576560 a multiple of 20?
True
Is 54 a factor of 35774190?
True
Is 310 a factor of 141327242?
False
Is 621 a factor of 410413311?
True
Is 2969796171 a multiple of 408?
False
Is 120415360 a multiple of 10?
True
Is 794671200 a multiple of 48?
True
Does 409 divide 37284332?
False
Is 291670190 a multiple of 4454?
True
Is 23587164 a multiple of 1308?
True
Is 916490571 a multiple of 5919?
False
Does 470 divide 39430928?
False
Does 22 divide 16099424?
True
Is 36 a factor of 40133268?
True
Is 11638191 a multiple of 1688?
False
Does 50 divide 81453750?
True
Is 19208584 a multiple of 808?
True
Does 44 divide 48640979?
False
Is 74 a factor of 288837836?
True
Is 10 a factor of 18727899?
False
Does 1445 divide 205768000?
True
Is 23 a factor of 404318357?
True
Is 10 a factor of 515230?
True
Is 1157 a factor of 83246150?
True
Is 10 a factor of 3716052?
False
Is 8 a factor of 734683904?
True
Is 415 a factor of 29575390?
True
Is 4957 a factor of 1030669228?
False
Is 29137385 a multiple of 2?
False
Is 158692214 a multiple of 690?
False
Is 13 a factor of 393026274?
False
Is 1056714160 a multiple of 4856?
True
Does 369 divide 310747815?
True
Is 49758282 a multiple of 14?
True
Is 111 a factor of 8044093?
False
Is 81360783 a multiple of 2788?
False
Is 641645 a multiple of 5?
True
Does 26 divide 3843786?
False
Does 175 divide 260405106?
False
Does 135 divide 531794430?
True
Is 113991092 a multiple of 31?
True
Is 50136076 a multiple of 11?
False
Is 117 a factor of 7419555?
True
Is 230082620 a multiple of 620?
True
Is 215280786 a multiple of 1958?
False
Is 36739082 a multiple of 2304?
False
Is 583462102 a multiple of 189?
False
Is 171 a factor of 100815615?
True
Is 2070 a factor of 46032727?
False
Is 405850403 a multiple of 380?
False
Is 44109184 a multiple of 16?
True
Does 114 divide 3056941?
False
Is 13 a factor of 16776487?
True
Is 14913662 a multiple of 171?
False
Does 1257 divide 382733874?
True
Is 436 a factor of 55922751?
False
Does 1137 divide 20844621?
True
Is 1961 a factor of 879591622?
False
Does 5 divide 32968464?
False
Is 27744388 a multiple of 94?
False
Does 23 divide 1304683312?
False
Is 220 a factor of 26932?
False
Is 424176288 a multiple of 1184?
True
Does 347 divide 5095001?
True
Does 746 divide 883581796?
True
Does 1608 divide 502023716?
False
Is 182 a factor of 36456238?
True
Is 72850240 a multiple of 320?
True
Is 9 a factor of 8273097?
True
Is 352295162 a multiple of 112?
False
Is 25 a factor of 222936250?
True
Is 137 a factor of 15209671?
False
Is 10 a factor of 1589328087?
False
Is 13486173 a multiple of 2?
False
Is 125167346 a multiple of 89?
False
Is 160 a factor of 26726681?
False
Is 41 a factor of 2346471697?
True
Is 6 a factor of 28369740?
True
Is 73586801 a multiple of 2722?
False
Is 443 a factor of 81236011?
True
Is 46952261 a multiple of 1871?
False
Is 4730544 a multiple of 4693?
True
Is 1097530408 a multiple of 567?
False
Is 7770792 a multiple of 24?
True
Is 9875180 a multiple of 28?
True
Does 2896 divide 915596464?
True
Does 61 divide 36160965?
False
Is 12245734 a multiple of 65?
False
Does 11 divide 31199404?
False
Does 3729 divide 217885585?
False
Does 138 divide 53825934?
True
Is 399426356 a multiple of 476?
True
Does 837 divide 21087378?
True
Is 75 a factor of 34291115?
False
Is 7939411 a multiple of 10?
False
Does 40 divide 64311562?
False
Is 3 a factor of 22407631?
False
Does 13 divide 945833855?
False
Is 1117848842 a multiple of 304?
False
Is 46009292 a multiple of 23?
True
Is 192 a factor of 13209550?
False
Is 1636829856 a multiple of 415?
False
Is 3425968 a multiple of 301?
False
Is 30 a factor of 70286460?
True
Does 391 divide 310627995?
True
Is 130610285 a multiple of 1223?
True
Is 77 a factor of 70442809?
False
Is 58 a factor of 573725704?
False
Does 7 divide 7124239?
False
Is 535557864 a multiple of 310?
False
Does 8 divide 1366342885?
False
Does 1068 divide 625308660?
True
Is 3 a factor of 9653990?
False
Does 12